(s) = -s**2 - 969*s + 5819. Give r(6).
-31
Let z(j) = 141*j - 1624. What is z(9)?
-355
Let j(o) = -13*o**2 + 2640*o - 23066. Determine j(194).
-174
Let g(d) = 4*d**2 + 1199*d + 4446. Give g(-296).
6
Let b(p) = -3*p**3 + 45*p**2 + 455*p - 11. What is b(-7)?
38
Let i(y) = -3725*y + 37268. What is i(10)?
18
Let a(m) = -11963*m + 119633. What is a(10)?
3
Let m(u) = -5808*u + 17059. Calculate m(3).
-365
Let j(t) = 2*t**3 - 43*t**2 - 361*t + 8667. Determine j(19).
3
Let x(h) = -268507*h + 1342524. Determine x(5).
-11
Let j(f) = -f**3 + 3*f**2 - 7312*f + 29257. Determine j(4).
-7
Let v(s) = 7510*s + 29988. Calculate v(-4).
-52
Let t(m) = 357*m - 8958. Calculate t(24).
-390
Let x(y) = 6*y**3 + 17*y**2 - 115*y + 68. Determine x(4).
264
Let n(z) = -371*z**3 + 31*z**2 - 79*z + 17. Determine n(2).
-2985
Let c(q) = -126238*q + 1009939. Calculate c(8).
35
Let h(o) = 43*o**2 + 191*o - 15. Give h(-4).
-91
Let n(z) = -370*z + 46771. Calculate n(127).
-219
Let d(m) = -m**3 + 50*m**2 + 416*m - 63. What is d(-8)?
321
Let t(z) = 6*z**3 - 3*z**2 - 10*z + 23. Determine t(2).
39
Let d(r) = r**3 - 76*r**2 + 832*r - 789. Determine d(63).
30
Let t(b) = 3*b**2 + 15961*b - 191938. Determine t(12).
26
Let z(x) = -16*x**3 + 241*x**2 + 526*x + 31. What is z(17)?
14
Let t(d) = d**2 + 502*d + 17689. Determine t(-38).
57
Let n(t) = 28163*t - 253640. Calculate n(9).
-173
Let l(i) = 3*i**2 + 518*i - 8103. Determine l(15).
342
Let g(t) = 678*t - 133600. Determine g(197).
-34
Let d(j) = j**3 + 210*j**2 - 33884*j + 11106. What is d(-317)?
11
Let p(q) = 2*q**2 + 537*q + 2469. What is p(-264)?
93
Let k(u) = -13*u**3 + u**2 + 324*u - 661. Give k(2).
-113
Let z(s) = -117*s**2 + 490*s + 484. Give z(5).
9
Let o(g) = -7*g**2 - 4141*g + 24887. Determine o(6).
-211
Let o(j) = -4*j**2 + 1088*j - 67528. Calculate o(176).
56
Let t(f) = 290*f + 3543. Calculate t(-13).
-227
Let s(v) = 26*v**2 + 214*v - 49. What is s(-9)?
131
Let l(i) = -9*i**2 + 2385*i - 11711. Calculate l(260).
-11
Let x(y) = 6*y**3 - 204*y**2 + 6*y + 120. What is x(34)?
324
Let l(f) = -4*f**2 + 31*f - 15. Give l(7).
6
Let a(n) = -2*n**3 - 19*n**2 + 1298*n - 8789. What is a(8)?
-645
Let q(y) = 1368*y + 97086. Calculate q(-71).
-42
Let u(c) = -83631*c + 334425. What is u(4)?
-99
Let c(i) = -2*i**3 - 42*i**2 + 25*i + 497. Give c(-22).
915
Let j(i) = 708*i**2 - 230104*i + 1296. What is j(325)?
-4
Let w(h) = -6*h**2 - 1163*h + 10753. Give w(9).
-200
Let w(n) = 2*n**3 - 252*n**2 + 263*n - 1413. Give w(125).
212
Let v(w) = -5742*w + 631602. What is v(110)?
-18
Let k(r) = r**3 - 11*r**2 - 111*r + 305. Determine k(23).
4100
Let v(g) = -7*g**3 - 35*g**2 + 171*g + 772. Give v(-6).
-2
Let u(k) = -k**3 + 20*k**2 - 90*k + 386. Determine u(16).
-30
Let k(t) = 9821*t - 1571305. Determine k(160).
55
Let s(u) = 287*u**2 + 1719*u - 19. Calculate s(-6).
-1
Let t(p) = -2*p**3 - 206*p**2 - 121*p - 12866. Calculate t(-103).
-403
Let h(s) = 3*s**3 - 129*s**2 - 39*s + 1672. Give h(43).
-5
Let w(n) = 2834*n - 28998. What is w(10)?
-658
Let y(c) = -599*c + 493. What is y(1)?
-106
Let g(p) = -356*p + 34555. Calculate g(97).
23
Let d(o) = -17315*o - 1402515. What is d(-81)?
0
Let a(b) = 21046*b - 610300. What is a(29)?
34
Let y(m) = -17524*m - 700963. Give y(-40).
-3
Let a(b) = 3*b**2 - 149*b - 1467. Give a(59).
185
Let f(o) = -9258*o + 73967. Determine f(8).
-97
Let c(a) = -4*a**2 - 371*a + 215. Give c(-90).
1205
Let a(p) = 12*p**3 + 2455*p**2 + 4889*p - 2. Give a(-2).
-56
Let i(j) = -4*j**2 + 197*j + 1692. Determine i(-8).
-140
Let a(s) = 327*s**2 - 32404*s + 188. Give a(99).
-2881
Let m(k) = 3088*k - 268644. Give m(87).
12
Let m(v) = 259*v**2 + 34*v + 13. Determine m(3).
2446
Let a(r) = -222802*r - 222826. What is a(-1)?
-24
Let c(y) = y**2 - 424*y + 25854. Determine c(74).
-46
Let z(k) = -44530*k - 2092727. Give z(-47).
183
Let v(b) = b**3 - 254*b**2 - 533*b + 5374. Determine v(256).
-2
Let w(r) = -97*r**2 - 8407*r + 2782. Give w(-87).
-2
Let m(c) = c**3 + 107*c**2 + 1709*c - 645. Give m(-20).
-25
Let l(y) = y**2 + 12*y - 1547. Give l(-50).
353
Let w(b) = -93*b**2 - 4558*b - 144. What is w(-49)?
-95
Let b(l) = -119*l + 153. What is b(-1)?
272
Let p(n) = -135*n**2 + 338*n + 802. Give p(4).
-6
Let o(s) = -2356*s - 54190. Give o(-23).
-2
Let u(b) = -b**2 - 48*b + 873. Calculate u(-62).
5
Let g(y) = 30*y**2 - 40*y + 227. Determine g(7).
1417
Let s(r) = r**2 - 53*r - 618. Calculate s(64).
86
Let a(j) = j**3 - 85*j**2 - 6927*j + 588923. What is a(84)?
-1
Let o(y) = -y**3 + 29*y**2 + 139*y + 5. Give o(-5).
160
Let p(b) = -b**3 - 40*b**2 + 343*b - 50. Give p(-46).
-3132
Let h(w) = -562*w + 162201. What is h(288)?
345
Let z(q) = -q**3 + 110*q**2 - 297*q - 2524. Give z(107).
44
Let m(l) = -3*l**3 + 157*l**2 - 1700*l - 71. Calculate m(37).
3
Let g(b) = b**3 + 117*b**2 - 3702*b - 413. Give g(26).
3
Let d(j) = -5*j**2 + 30531*j + 982120. What is d(-32)?
8
Let k(u) = 290*u**2 + 162*u - 14. Calculate k(-2).
822
Let d(u) = -75*u**2 - 18975*u - 189. Give d(-253).
-189
Let x(l) = -l**3 - 77*l**2 + 1486*l - 379. Give x(-93).
-193
Let n(a) = 21210*a + 636282. What is n(-30)?
-18
Let l(g) = 2*g**2 - 3951*g - 1649292. Calculate l(-354).
-6
Let z(j) = -3*j**3 + 33*j**2 + 5*j + 14. Determine z(-1).
45
Let y(f) = 586*f**2 - 18157*f - 291. Calculate y(31).
-12
Let m(z) = 7869*z + 62904. Determine m(-8).
-48
Let x(f) = -2584*f + 276487. What is x(107)?
-1
Let d(s) = 45775*s + 182912. Determine d(-4).
-188
Let n(b) = -18865*b - 660283. What is n(-35)?
-8
Let z(y) = -y**2 - 870*y + 18420. What is z(21)?
-291
Let s(b) = -2*b**3 - 80*b**2 - 470*b + 1329. Give s(-32).
-15
Let j(t) = -2*t**2 + 125*t + 1206. Give j(-10).
-244
Let d(a) = -8*a**2 - 342*a - 579. What is d(-41)?
-5
Let l(a) = -a**3 + 1274*a**2 + 3736*a + 121328. What is l(1277)?
13
Let r(o) = o**3 - 13*o**2 - 138*o + 2250. Determine r(16).
810
Let r(m) = -2*m**3 - 16*m**2 + 8*m + 32. Give r(6).
-928
Let m(c) = -2*c**3 + 83*c**2 - 141*c - 49. Give m(2).
-15
Let n(r) = -136*r + 5999. Give n(31).
1783
Let j(i) = -2425*i - 5555. Determine j(-2).
-705
Let p(c) = 1649*c**2 + 11715*c - 16. Give p(-7).
-1220
Let t(j) = -2*j**2 - 1668*j + 20286. Give t(12).
-18
Let d(k) = -6*k**3 + 105*k**2 + 1655*k + 58. What is d(-10)?
8
Let k(j) = j**3 + 73*j**2 - 1123*j - 433. Determine k(-86).
-3
Let d(u) = 7025*u - 302106. Calculate d(43).
-31
Let w(a) = -78*a**2 + 20437*a - 263. Give w(262).
-1
Let d(t) = 22*t**2 - 1064*t + 12506. Calculate d(28).
-38
Let l(v) = 890*v + 15144. What is l(-17)?
14
Let u(a) = -147439*a - 884653. Calculate u(-6).
-19
Let g(a) = 7958*a - 47687. What is g(6)?
61
Let v(q) = 2*q**3 + 425*q**2 + 1479*q + 3349. What is v(-209)?
5
Let z(b) = 681114*b - 4767794. Determine z(7).
4
Let b(f) = -f**3 - 274*f**2 + 109*f + 29863. Calculate b(-274).
-3
Let w(s) = -80*s**2 - 453*s + 25. What is w(-6)?
-137
Let r(j) = 6*j**3 + 230*j**2 - 1208*j - 70. Calculate r(-43).
102
Let t(j) = j**2 - 10663*j - 826980. What is t(-77)?
0
Let b(i) = -9*i**3 - 13*i**2 + 130*i + 279. Give b(-2).
39
Let b(m) = 505*m**2 - 23234*m + 226. Determine b(46).
42
Let h(y) = -3505*y + 31536. Give h(9).
-9
Let t(z) = -29212*z + 1635868. Calculate t(56).
-4
Let n(q) = -277*q - 5906. Determine n(-27).
1573
Let f(x) = 3*x**2 + 3785*x + 26533. Determine f(-7).
185
Let y(o) = 10*o**2 - 12731*o - 63826. Calculate y(-5).
79
Let y(f) = 186*f**2 - 1123*f + 63. What is y(6)?
21
Let o(y) = y**3 - 71*y**2 + 1061*y + 219. Give o(22).
-155
Let y(o) = -223*o - 2666. Calculate y(-12).
10
Let z(f) = 48*f + 257. Determine z(53).
2801
Let r(q) = q**2 + 21522*q + 1992900. What is r(-93)?
3
Let b(i) = -i**3 + 2158*i**2 - 27*i + 58277. Calculate b(2158).
11
Let d(h) = -13039*h + 52193. Calculate d(4).
37
Let k(m) = 27475*m - 82414. Calculate k(3).
11
Let v(y) = 2*y**3 - 613*y**2 - 7565*y + 2408511. Give v(306).
-15
Let q(v) = 304173*v - 608163. Give q(2).
183
Let l(c) = -78*c**2 + 22*c - 443. Calculate l(7).
-4111
Let x(t) = 2*t**3 + 41*t**2 + 44*t + 266. Calculate x(-20).
-214
Let n(q) = 5*q**3 + 36*q**2 + 13*q + 53. Determine n(-8).
-307
Let u(c) = 2*c**3 - 166*c**2 - 1305*c + 4034. Give u(90).
-16
Let i(c) = 23549*c - 117755. Calculate i(5).
-10
Let x(c) = -9*c**2 + 548*c - 2687. Give x(5).
-172
Let t(n) = 2*n**3 - 543*n**2 + 295*n - 6853. Calculate t(271).
-349
Let c(